{"id":167,"date":"2018-08-21T15:43:30","date_gmt":"2018-08-21T13:43:30","guid":{"rendered":"http:\/\/coeurdekya.le-pic.org\/?page_id=167"},"modified":"2025-12-09T15:35:04","modified_gmt":"2025-12-09T14:35:04","slug":"lassociation","status":"publish","type":"page","link":"https:\/\/enavantarche.org\/","title":{"rendered":"L&rsquo;ASSOCIATION"},"content":{"rendered":"\n<p><strong>Comment r\u00e9sumer <\/strong><strong><em>En Avant Arche<\/em><\/strong>&nbsp; ?<\/p>\n\n\n\n<p><strong><em>En Avant Arche<\/em><\/strong> est une association de loi 1901, fond\u00e9e par deux amies qui ont cherch\u00e9 \u00e0 apporter une approche compl\u00e9mentaire aux institutions dites \u00ab\u00a0classiques\u00a0\u00bb, pour r\u00e9pondre diff\u00e9remment aux besoins de diff\u00e9rents publics.<\/p>\n\n\n\n<p>Nous accueillons au sein d&rsquo;une ferme \u00e0 vis\u00e9e th\u00e9rapeutique et p\u00e9dagogique situ\u00e9e \u00e0 Aignes (31) dans le Lauragais. Notre \u00e9quipe pluridisciplinaire, compos\u00e9e d&rsquo;une \u00e9ducatrice sp\u00e9cialis\u00e9e et d&rsquo;une intervenante en m\u00e9diation animale, s&rsquo;engage \u00e0 fournir un environnement s\u00fbr, \u00e9ducatif et enrichissant \u00e0 toutes les personnes dont celles souffrant de divers troubles, aussi bien physiques que cognitifs, psychologiques ou sociaux. Dans ce lieu, ces personnes peuvent trouver soutien, apprentissage et d\u00e9veloppement au contact de la nature et de nos animaux sp\u00e9cifiquement \u00e9duqu\u00e9s.<\/p>\n\n\n\n<p>Nous croyons en chaque personne et la respectons. Nous nourrissons le d\u00e9sir de r\u00e9ussite et de progr\u00e8s pour chacun, afin qu\u2019il puisse retrouver confiance en soi et se prouver qui il est et ce dont il est capable. Nous d\u00e9ployons l\u2019\u00e9nergie et les moyens n\u00e9cessaires pour y parvenir.<\/p>\n\n\n\n<p><\/p>\n","protected":false},"excerpt":{"rendered":"<p>Comment r\u00e9sumer En Avant Arche&nbsp; ? En Avant Arche est une association de loi 1901, fond\u00e9e par deux amies qui ont cherch\u00e9 \u00e0 apporter une &hellip;<\/p>\n","protected":false},"author":2,"featured_media":598,"parent":0,"menu_order":0,"comment_status":"closed","ping_status":"closed","template":"","meta":{"footnotes":""},"class_list":["post-167","page","type-page","status-publish","has-post-thumbnail","hentry"],"_links":{"self":[{"href":"https:\/\/enavantarche.org\/index.php\/wp-json\/wp\/v2\/pages\/167","targetHints":{"allow":["GET"]}}],"collection":[{"href":"https:\/\/enavantarche.org\/index.php\/wp-json\/wp\/v2\/pages"}],"about":[{"href":"https:\/\/enavantarche.org\/index.php\/wp-json\/wp\/v2\/types\/page"}],"author":[{"embeddable":true,"href":"https:\/\/enavantarche.org\/index.php\/wp-json\/wp\/v2\/users\/2"}],"replies":[{"embeddable":true,"href":"https:\/\/enavantarche.org\/index.php\/wp-json\/wp\/v2\/comments?post=167"}],"version-history":[{"count":46,"href":"https:\/\/enavantarche.org\/index.php\/wp-json\/wp\/v2\/pages\/167\/revisions"}],"predecessor-version":[{"id":672,"href":"https:\/\/enavantarche.org\/index.php\/wp-json\/wp\/v2\/pages\/167\/revisions\/672"}],"wp:featuredmedia":[{"embeddable":true,"href":"https:\/\/enavantarche.org\/index.php\/wp-json\/wp\/v2\/media\/598"}],"wp:attachment":[{"href":"https:\/\/enavantarche.org\/index.php\/wp-json\/wp\/v2\/media?parent=167"}],"curies":[{"name":"wp","href":"https:\/\/api.w.org\/{rel}","templated":true}]}}