{"id":356,"date":"2022-02-05T09:40:09","date_gmt":"2022-02-05T08:40:09","guid":{"rendered":"https:\/\/coeurdekya.le-pic.org\/?page_id=356"},"modified":"2025-10-15T16:22:30","modified_gmt":"2025-10-15T14:22:30","slug":"laccueil-relais-jeune","status":"publish","type":"page","link":"https:\/\/enavantarche.org\/index.php\/laccueil-relais-jeune\/","title":{"rendered":"Nos journ\u00e9es r\u00e9pits"},"content":{"rendered":"\n<p>Pens\u00e9es pour les <strong>jeunes jusqu\u2019\u00e0 18 ans<\/strong>, les <strong>journ\u00e9es r\u00e9pit<\/strong> offrent un <strong>cadre structur\u00e9, bienveillant et s\u00e9curis\u00e9<\/strong>, au c\u0153ur de la ferme.<br>Elles s\u2019adaptent aux besoins individuels de chacun, avec des dur\u00e9es flexibles et des activit\u00e9s vari\u00e9es :<br>\ud83d\udc9a soins et contact avec les animaux<br>\ud83c\udf3e activit\u00e9s de plein air<br>\ud83c\udf1e moments de d\u00e9tente et de d\u00e9couverte<\/p>\n\n\n\n<p>La <strong>m\u00e9diation animale<\/strong> est au c\u0153ur de notre approche : un outil simple et puissant pour apaiser, \u00e9veiller et redonner confiance.<br>Elle vient en <strong>compl\u00e9ment du travail des institutions<\/strong> (m\u00e9dico-sociales, \u00e9ducatives, familiales) pour r\u00e9pondre autrement aux besoins des enfants et adolescents.<\/p>\n\n\n\n<hr class=\"wp-block-separator has-alpha-channel-opacity\"\/>\n\n\n\n<h3 class=\"wp-block-heading\">\ud83c\udf3c Un temps pour souffler, un espace pour se retrouver<\/h3>\n\n\n\n<p>Les <strong>journ\u00e9es de r\u00e9pit<\/strong> s\u2019adressent \u00e0 toute personne, quel que soit son parcours ou sa probl\u00e9matique (handicap, protection de l\u2019enfance, difficult\u00e9s sociales\u2026).<br>Elles offrent un <strong>temps d\u2019apaisement<\/strong>, autant pour le jeune accueilli que pour sa famille ou son institution.<\/p>\n\n\n\n<p>La journ\u00e9e <strong>En Avant Arche<\/strong>, c\u2019est un <strong>espace-temps en dehors du quotidien<\/strong> :<br>un moment pour <strong>se poser, se retrouver<\/strong>, et peu \u00e0 peu <strong>retrouver la force et l\u2019\u00e9nergie d\u2019avancer<\/strong>.<\/p>\n\n\n\n<p>Pour plus de renseignements : <\/p>\n\n\n\n<p>Mail : enavantarche31@gmail.com<\/p>\n\n\n\n<p>T\u00e9l\u00e9phone : 06.64.84.73.58<\/p>\n\n\n\n<p><\/p>\n","protected":false},"excerpt":{"rendered":"<p>Pens\u00e9es pour les jeunes jusqu\u2019\u00e0 18 ans, les journ\u00e9es r\u00e9pit offrent un cadre structur\u00e9, bienveillant et s\u00e9curis\u00e9, au c\u0153ur de la ferme.Elles s\u2019adaptent aux besoins &hellip;<\/p>\n","protected":false},"author":2,"featured_media":0,"parent":0,"menu_order":0,"comment_status":"closed","ping_status":"closed","template":"","meta":{"footnotes":""},"class_list":["post-356","page","type-page","status-publish","hentry"],"_links":{"self":[{"href":"https:\/\/enavantarche.org\/index.php\/wp-json\/wp\/v2\/pages\/356","targetHints":{"allow":["GET"]}}],"collection":[{"href":"https:\/\/enavantarche.org\/index.php\/wp-json\/wp\/v2\/pages"}],"about":[{"href":"https:\/\/enavantarche.org\/index.php\/wp-json\/wp\/v2\/types\/page"}],"author":[{"embeddable":true,"href":"https:\/\/enavantarche.org\/index.php\/wp-json\/wp\/v2\/users\/2"}],"replies":[{"embeddable":true,"href":"https:\/\/enavantarche.org\/index.php\/wp-json\/wp\/v2\/comments?post=356"}],"version-history":[{"count":11,"href":"https:\/\/enavantarche.org\/index.php\/wp-json\/wp\/v2\/pages\/356\/revisions"}],"predecessor-version":[{"id":658,"href":"https:\/\/enavantarche.org\/index.php\/wp-json\/wp\/v2\/pages\/356\/revisions\/658"}],"wp:attachment":[{"href":"https:\/\/enavantarche.org\/index.php\/wp-json\/wp\/v2\/media?parent=356"}],"curies":[{"name":"wp","href":"https:\/\/api.w.org\/{rel}","templated":true}]}}

Nos journées répits

<p>Pensées pour les <strong>jeunes jusqu’à 18 ans</strong>, les <strong>journées répit</strong> offrent un <strong>cadre structuré, bienveillant et sécurisé</strong>, au cœur de la ferme.<br>Elles s’adaptent aux besoins individuels de chacun, avec des durées flexibles et des activités variées :<br>💚 soins et contact avec les animaux<br>🌾 activités de plein air<br>🌞 moments de détente et de découverte</p>



<p>La <strong>médiation animale</strong> est au cœur de notre approche : un outil simple et puissant pour apaiser, éveiller et redonner confiance.<br>Elle vient en <strong>complément du travail des institutions</strong> (médico-sociales, éducatives, familiales) pour répondre autrement aux besoins des enfants et adolescents.</p>



<hr class="wp-block-separator has-alpha-channel-opacity"/>



<h3 class="wp-block-heading">🌼 Un temps pour souffler, un espace pour se retrouver</h3>



<p>Les <strong>journées de répit</strong> s’adressent à toute personne, quel que soit son parcours ou sa problématique (handicap, protection de l’enfance, difficultés sociales…).<br>Elles offrent un <strong>temps d’apaisement</strong>, autant pour le jeune accueilli que pour sa famille ou son institution.</p>



<p>La journée <strong>En Avant Arche</strong>, c’est un <strong>espace-temps en dehors du quotidien</strong> :<br>un moment pour <strong>se poser, se retrouver</strong>, et peu à peu <strong>retrouver la force et l’énergie d’avancer</strong>.</p>



<p>Pour plus de renseignements : </p>



<p>Mail : enavantarche31@gmail.com</p>



<p>Téléphone : 06.64.84.73.58</p>



<p></p>

<p>Pensées pour les jeunes jusqu’à 18 ans, les journées répit offrent un cadre structuré, bienveillant et sécurisé, au cœur de la ferme.Elles s’adaptent aux besoins &hellip;</p>
